{"id":656,"date":"2021-03-03T11:08:58","date_gmt":"2021-03-03T11:08:58","guid":{"rendered":"http:\/\/www.uveverky-eshop.com\/?post_type=product&#038;p=656"},"modified":"2022-12-19T11:29:32","modified_gmt":"2022-12-19T10:29:32","slug":"voucher-500-kc","status":"publish","type":"product","link":"https:\/\/www.uveverky-eshop.com\/index.php\/produkt\/voucher-500-kc\/","title":{"rendered":"Voucher 500 K\u010d"},"content":{"rendered":"<p>Voucher v hodnot\u011b 500 K\u010d na konzumaci v na\u0161\u00ed restauraci, kter\u00fd se vztahuje na pokrmy i n\u00e1poje.<\/p>\n","protected":false},"excerpt":{"rendered":"<p>U\u017eijte si chv\u00edle v na\u0161\u00ed restauraci a po\u0159i\u010fte si voucher na konzumaci!<\/p>\n","protected":false},"featured_media":669,"comment_status":"open","ping_status":"closed","template":"","meta":{"spay_email":""},"_links":{"self":[{"href":"https:\/\/www.uveverky-eshop.com\/index.php\/wp-json\/wp\/v2\/product\/656"}],"collection":[{"href":"https:\/\/www.uveverky-eshop.com\/index.php\/wp-json\/wp\/v2\/product"}],"about":[{"href":"https:\/\/www.uveverky-eshop.com\/index.php\/wp-json\/wp\/v2\/types\/product"}],"replies":[{"embeddable":true,"href":"https:\/\/www.uveverky-eshop.com\/index.php\/wp-json\/wp\/v2\/comments?post=656"}],"wp:featuredmedia":[{"embeddable":true,"href":"https:\/\/www.uveverky-eshop.com\/index.php\/wp-json\/wp\/v2\/media\/669"}],"wp:attachment":[{"href":"https:\/\/www.uveverky-eshop.com\/index.php\/wp-json\/wp\/v2\/media?parent=656"}],"curies":[{"name":"wp","href":"https:\/\/api.w.org\/{rel}","templated":true}]}}